{"id":89,"date":"2019-12-04T15:38:49","date_gmt":"2019-12-04T14:38:49","guid":{"rendered":"http:\/\/przystansklep.hekko24.pl\/jump\/?page_id=89"},"modified":"2025-10-05T18:15:18","modified_gmt":"2025-10-05T16:15:18","slug":"kontakt","status":"publish","type":"page","link":"https:\/\/www.jumpheaven.pl\/jeleniagora\/kontakt\/","title":{"rendered":"KONTAKT"},"content":{"rendered":"\t\t<div data-elementor-type=\"wp-page\" data-elementor-id=\"89\" class=\"elementor elementor-89\" data-elementor-post-type=\"page\">\n\t\t\t\t\t\t<section class=\"elementor-section elementor-top-section elementor-element elementor-element-ac28a6a elementor-section-boxed elementor-section-height-default elementor-section-height-default\" data-id=\"ac28a6a\" data-element_type=\"section\" data-settings=\"{&quot;background_background&quot;:&quot;slideshow&quot;,&quot;background_slideshow_gallery&quot;:[],&quot;background_slideshow_loop&quot;:&quot;yes&quot;,&quot;background_slideshow_slide_duration&quot;:5000,&quot;background_slideshow_slide_transition&quot;:&quot;fade&quot;,&quot;background_slideshow_transition_duration&quot;:500}\">\n\t\t\t\t\t\t\t<div class=\"elementor-background-overlay\"><\/div>\n\t\t\t\t\t\t\t<div class=\"elementor-container elementor-column-gap-default\">\n\t\t\t\t\t<div class=\"elementor-column elementor-col-100 elementor-top-column elementor-element elementor-element-373f84b\" data-id=\"373f84b\" data-element_type=\"column\">\n\t\t\t<div class=\"elementor-widget-wrap elementor-element-populated\">\n\t\t\t\t\t\t<div class=\"elementor-element elementor-element-2be3d96 elementor-widget elementor-widget-heading\" data-id=\"2be3d96\" data-element_type=\"widget\" data-widget_type=\"heading.default\">\n\t\t\t\t<div class=\"elementor-widget-container\">\n\t\t\t\t\t<h3 class=\"elementor-heading-title elementor-size-default\">Kontakt<\/h3>\t\t\t\t<\/div>\n\t\t\t\t<\/div>\n\t\t\t\t\t<\/div>\n\t\t<\/div>\n\t\t\t\t\t<\/div>\n\t\t<\/section>\n\t\t\t\t<section class=\"elementor-section elementor-top-section elementor-element elementor-element-1d40e50 elementor-section-boxed elementor-section-height-default elementor-section-height-default\" data-id=\"1d40e50\" data-element_type=\"section\">\n\t\t\t\t\t\t<div class=\"elementor-container elementor-column-gap-default\">\n\t\t\t\t\t<div class=\"elementor-column elementor-col-33 elementor-top-column elementor-element elementor-element-f253c18\" data-id=\"f253c18\" data-element_type=\"column\">\n\t\t\t<div class=\"elementor-widget-wrap elementor-element-populated\">\n\t\t\t\t\t\t<div class=\"elementor-element elementor-element-4f354cc elementor-widget elementor-widget-text-editor\" data-id=\"4f354cc\" data-element_type=\"widget\" data-widget_type=\"text-editor.default\">\n\t\t\t\t<div class=\"elementor-widget-container\">\n\t\t\t\t\t\t\t\t\t<h4>ADRES<\/h4><p>Aleja Jana Paw\u0142a II 17,<br \/>58-500 Jelenia G\u00f3ra<\/p><p>tel. +48 503 504 591<\/p><p>email: <a style=\"color: #6599ff;\" href=\"mailto:jeleniagora@jumpheaven.pl\">jeleniagora@jumpheaven.pl<\/a><\/p>\t\t\t\t\t\t\t\t<\/div>\n\t\t\t\t<\/div>\n\t\t\t\t<div class=\"elementor-element elementor-element-1fa1c1e elementor-hidden-phone elementor-widget elementor-widget-text-editor\" data-id=\"1fa1c1e\" data-element_type=\"widget\" data-widget_type=\"text-editor.default\">\n\t\t\t\t<div class=\"elementor-widget-container\">\n\t\t\t\t\t\t\t\t\t<h4><span style=\"font-size: 2.4rem; letter-spacing: -0.0415625em; text-align: inherit; color: var( --e-global-color-text ); font-family: var( --e-global-typography-text-font-family ), Sans-serif;\">Godziny otwarcia:<\/span><\/h4><p>Codziennie od 9:30 do 21:00<br \/>Dla grup zorganizowanych powy\u017cej 50 os\u00f3b jest mo\u017cliwo\u015b\u0107 dostosowania czasu otwarcia Parku indywidualnie.<\/p>\t\t\t\t\t\t\t\t<\/div>\n\t\t\t\t<\/div>\n\t\t\t\t\t<\/div>\n\t\t<\/div>\n\t\t\t\t<div class=\"elementor-column elementor-col-66 elementor-top-column elementor-element elementor-element-69b4005\" data-id=\"69b4005\" data-element_type=\"column\">\n\t\t\t<div class=\"elementor-widget-wrap elementor-element-populated\">\n\t\t\t\t\t\t<div class=\"elementor-element elementor-element-0af8f85 elementor-widget elementor-widget-google_maps\" data-id=\"0af8f85\" data-element_type=\"widget\" data-widget_type=\"google_maps.default\">\n\t\t\t\t<div class=\"elementor-widget-container\">\n\t\t\t\t\t\t\t<div class=\"elementor-custom-embed\">\n\t\t\t<iframe loading=\"lazy\"\n\t\t\t\t\tsrc=\"https:\/\/maps.google.com\/maps?q=Aleja%20Jana%20Paw%C5%82a%20II%2017%2C%2058-500%20Jelenia%20G%C3%B3ra&#038;t=m&#038;z=15&#038;output=embed&#038;iwloc=near\"\n\t\t\t\t\ttitle=\"Aleja Jana Paw\u0142a II 17, 58-500 Jelenia G\u00f3ra\"\n\t\t\t\t\taria-label=\"Aleja Jana Paw\u0142a II 17, 58-500 Jelenia G\u00f3ra\"\n\t\t\t><\/iframe>\n\t\t<\/div>\n\t\t\t\t\t\t<\/div>\n\t\t\t\t<\/div>\n\t\t\t\t\t<\/div>\n\t\t<\/div>\n\t\t\t\t\t<\/div>\n\t\t<\/section>\n\t\t\t\t<section class=\"elementor-section elementor-top-section elementor-element elementor-element-9db7bea elementor-section-full_width elementor-section-height-default elementor-section-height-default\" data-id=\"9db7bea\" data-element_type=\"section\">\n\t\t\t\t\t\t<div class=\"elementor-container elementor-column-gap-no\">\n\t\t\t\t\t<div class=\"elementor-column elementor-col-100 elementor-top-column elementor-element elementor-element-cd8e04f\" data-id=\"cd8e04f\" data-element_type=\"column\">\n\t\t\t<div class=\"elementor-widget-wrap elementor-element-populated\">\n\t\t\t\t\t\t<div class=\"elementor-element elementor-element-f869b15 elementor-arrows-position-inside elementor-pagination-position-outside elementor-widget elementor-widget-image-carousel\" data-id=\"f869b15\" data-element_type=\"widget\" data-settings=\"{&quot;autoplay_speed&quot;:3000,&quot;navigation&quot;:&quot;both&quot;,&quot;autoplay&quot;:&quot;yes&quot;,&quot;pause_on_hover&quot;:&quot;yes&quot;,&quot;pause_on_interaction&quot;:&quot;yes&quot;,&quot;infinite&quot;:&quot;yes&quot;,&quot;speed&quot;:500}\" data-widget_type=\"image-carousel.default\">\n\t\t\t\t<div class=\"elementor-widget-container\">\n\t\t\t\t\t\t\t<div class=\"elementor-image-carousel-wrapper swiper\" role=\"region\" aria-roledescription=\"carousel\" aria-label=\"Karuzela obrazk\u00f3w\" dir=\"ltr\">\n\t\t\t<div class=\"elementor-image-carousel swiper-wrapper\" aria-live=\"off\">\n\t\t\t\t\t\t\t\t<div class=\"swiper-slide\" role=\"group\" aria-roledescription=\"slide\" aria-label=\"1 z 6\"><figure class=\"swiper-slide-inner\"><img decoding=\"async\" class=\"swiper-slide-image\" src=\"https:\/\/www.jumpheaven.pl\/jeleniagora\/wp-content\/uploads\/2025\/10\/jumpheaven_jeleniagora_1-1.jpg\" alt=\"jumpheaven_jeleniagora_1\" \/><\/figure><\/div><div class=\"swiper-slide\" role=\"group\" aria-roledescription=\"slide\" aria-label=\"2 z 6\"><figure class=\"swiper-slide-inner\"><img decoding=\"async\" class=\"swiper-slide-image\" src=\"https:\/\/www.jumpheaven.pl\/jeleniagora\/wp-content\/uploads\/2025\/10\/jumpheaven_jeleniagora_10.jpg\" alt=\"jumpheaven_jeleniagora_10\" \/><\/figure><\/div><div class=\"swiper-slide\" role=\"group\" aria-roledescription=\"slide\" aria-label=\"3 z 6\"><figure class=\"swiper-slide-inner\"><img decoding=\"async\" class=\"swiper-slide-image\" src=\"https:\/\/www.jumpheaven.pl\/jeleniagora\/wp-content\/uploads\/2025\/10\/jumpheaven_jeleniagora_5.jpg\" alt=\"jumpheaven_jeleniagora_5\" \/><\/figure><\/div><div class=\"swiper-slide\" role=\"group\" aria-roledescription=\"slide\" aria-label=\"4 z 6\"><figure class=\"swiper-slide-inner\"><img decoding=\"async\" class=\"swiper-slide-image\" src=\"https:\/\/www.jumpheaven.pl\/jeleniagora\/wp-content\/uploads\/2025\/10\/jumpheaven_jeleniagora_2.jpg\" alt=\"jumpheaven_jeleniagora_2\" \/><\/figure><\/div><div class=\"swiper-slide\" role=\"group\" aria-roledescription=\"slide\" aria-label=\"5 z 6\"><figure class=\"swiper-slide-inner\"><img decoding=\"async\" class=\"swiper-slide-image\" src=\"https:\/\/www.jumpheaven.pl\/jeleniagora\/wp-content\/uploads\/2025\/10\/jumpheaven_jeleniagora_3.jpg\" alt=\"jumpheaven_jeleniagora_3\" \/><\/figure><\/div><div class=\"swiper-slide\" role=\"group\" aria-roledescription=\"slide\" aria-label=\"6 z 6\"><figure class=\"swiper-slide-inner\"><img decoding=\"async\" class=\"swiper-slide-image\" src=\"https:\/\/www.jumpheaven.pl\/jeleniagora\/wp-content\/uploads\/2025\/10\/jumpheaven_jeleniagora_4.jpg\" alt=\"jumpheaven_jeleniagora_4\" \/><\/figure><\/div>\t\t\t<\/div>\n\t\t\t\t\t\t\t\t\t\t\t\t<div class=\"elementor-swiper-button elementor-swiper-button-prev\" role=\"button\" tabindex=\"0\">\n\t\t\t\t\t\t<i aria-hidden=\"true\" class=\"eicon-chevron-left\"><\/i>\t\t\t\t\t<\/div>\n\t\t\t\t\t<div class=\"elementor-swiper-button elementor-swiper-button-next\" role=\"button\" tabindex=\"0\">\n\t\t\t\t\t\t<i aria-hidden=\"true\" class=\"eicon-chevron-right\"><\/i>\t\t\t\t\t<\/div>\n\t\t\t\t\n\t\t\t\t\t\t\t\t\t<div class=\"swiper-pagination\"><\/div>\n\t\t\t\t\t\t\t\t\t<\/div>\n\t\t\t\t\t\t<\/div>\n\t\t\t\t<\/div>\n\t\t\t\t\t<\/div>\n\t\t<\/div>\n\t\t\t\t\t<\/div>\n\t\t<\/section>\n\t\t\t\t<\/div>\n\t\t","protected":false},"excerpt":{"rendered":"<p>Kontakt ADRES Aleja Jana Paw\u0142a II 17,58-500 Jelenia G\u00f3ra tel. +48 503 504 591 email: jeleniagora@jumpheaven.pl Godziny otwarcia: Codziennie od 9:30 do 21:00Dla grup zorganizowanych powy\u017cej 50 os\u00f3b jest mo\u017cliwo\u015b\u0107 dostosowania czasu otwarcia Parku indywidualnie.<\/p>\n","protected":false},"author":1,"featured_media":0,"parent":0,"menu_order":0,"comment_status":"closed","ping_status":"closed","template":"elementor_header_footer","meta":{"footnotes":""},"class_list":["post-89","page","type-page","status-publish","hentry"],"yoast_head":"<!-- This site is optimized with the Yoast SEO plugin v25.1 - https:\/\/yoast.com\/wordpress\/plugins\/seo\/ -->\n<title>KONTAKT - Jump Heaven - Park Trampolin Jelenia G\u00f3ra<\/title>\n<meta name=\"robots\" content=\"index, follow, max-snippet:-1, max-image-preview:large, max-video-preview:-1\" \/>\n<link rel=\"canonical\" href=\"https:\/\/www.jumpheaven.pl\/jeleniagora\/kontakt\/\" \/>\n<meta property=\"og:locale\" content=\"pl_PL\" \/>\n<meta property=\"og:type\" content=\"article\" \/>\n<meta property=\"og:title\" content=\"KONTAKT - Jump Heaven - Park Trampolin Jelenia G\u00f3ra\" \/>\n<meta property=\"og:description\" content=\"Kontakt ADRES Aleja Jana Paw\u0142a II 17,58-500 Jelenia G\u00f3ra tel. +48 503 504 591 email: jeleniagora@jumpheaven.pl Godziny otwarcia: Codziennie od 9:30 do 21:00Dla grup zorganizowanych powy\u017cej 50 os\u00f3b jest mo\u017cliwo\u015b\u0107 dostosowania czasu otwarcia Parku indywidualnie.\" \/>\n<meta property=\"og:url\" content=\"https:\/\/www.jumpheaven.pl\/jeleniagora\/kontakt\/\" \/>\n<meta property=\"og:site_name\" content=\"Jump Heaven - Park Trampolin Jelenia G\u00f3ra\" \/>\n<meta property=\"article:publisher\" content=\"https:\/\/www.facebook.com\/Jump-Heaven-Legnica-205087276723396\/\" \/>\n<meta property=\"article:modified_time\" content=\"2025-10-05T16:15:18+00:00\" \/>\n<meta property=\"og:image\" content=\"https:\/\/www.jumpheaven.pl\/jeleniagora\/wp-content\/uploads\/2025\/10\/jumpheaven_jeleniagora_1-1.jpg\" \/>\n<meta name=\"twitter:card\" content=\"summary_large_image\" \/>\n<meta name=\"twitter:label1\" content=\"Szacowany czas czytania\" \/>\n\t<meta name=\"twitter:data1\" content=\"3 minuty\" \/>\n<script type=\"application\/ld+json\" class=\"yoast-schema-graph\">{\"@context\":\"https:\/\/schema.org\",\"@graph\":[{\"@type\":\"WebPage\",\"@id\":\"https:\/\/www.jumpheaven.pl\/jeleniagora\/kontakt\/\",\"url\":\"https:\/\/www.jumpheaven.pl\/jeleniagora\/kontakt\/\",\"name\":\"KONTAKT - Jump Heaven - Park Trampolin Jelenia G\u00f3ra\",\"isPartOf\":{\"@id\":\"https:\/\/www.jumpheaven.pl\/jeleniagora\/#website\"},\"primaryImageOfPage\":{\"@id\":\"https:\/\/www.jumpheaven.pl\/jeleniagora\/kontakt\/#primaryimage\"},\"image\":{\"@id\":\"https:\/\/www.jumpheaven.pl\/jeleniagora\/kontakt\/#primaryimage\"},\"thumbnailUrl\":\"https:\/\/www.jumpheaven.pl\/jeleniagora\/wp-content\/uploads\/2025\/10\/jumpheaven_jeleniagora_1-1.jpg\",\"datePublished\":\"2019-12-04T14:38:49+00:00\",\"dateModified\":\"2025-10-05T16:15:18+00:00\",\"breadcrumb\":{\"@id\":\"https:\/\/www.jumpheaven.pl\/jeleniagora\/kontakt\/#breadcrumb\"},\"inLanguage\":\"pl-PL\",\"potentialAction\":[{\"@type\":\"ReadAction\",\"target\":[\"https:\/\/www.jumpheaven.pl\/jeleniagora\/kontakt\/\"]}]},{\"@type\":\"ImageObject\",\"inLanguage\":\"pl-PL\",\"@id\":\"https:\/\/www.jumpheaven.pl\/jeleniagora\/kontakt\/#primaryimage\",\"url\":\"https:\/\/www.jumpheaven.pl\/jeleniagora\/wp-content\/uploads\/2025\/10\/jumpheaven_jeleniagora_1-1.jpg\",\"contentUrl\":\"https:\/\/www.jumpheaven.pl\/jeleniagora\/wp-content\/uploads\/2025\/10\/jumpheaven_jeleniagora_1-1.jpg\",\"width\":1200,\"height\":1600},{\"@type\":\"BreadcrumbList\",\"@id\":\"https:\/\/www.jumpheaven.pl\/jeleniagora\/kontakt\/#breadcrumb\",\"itemListElement\":[{\"@type\":\"ListItem\",\"position\":1,\"name\":\"Strona g\u0142\u00f3wna\",\"item\":\"https:\/\/www.jumpheaven.pl\/jeleniagora\/\"},{\"@type\":\"ListItem\",\"position\":2,\"name\":\"KONTAKT\"}]},{\"@type\":\"WebSite\",\"@id\":\"https:\/\/www.jumpheaven.pl\/jeleniagora\/#website\",\"url\":\"https:\/\/www.jumpheaven.pl\/jeleniagora\/\",\"name\":\"Jump Heaven - Park Trampolin Legnica\",\"description\":\"Zapraszamy do sieci Park\u00f3w Trampolin Jump Heaven w Legnicy, Jeleniej G\u00f3rze, W\u0142oc\u0142awku i Ozimku\",\"publisher\":{\"@id\":\"https:\/\/www.jumpheaven.pl\/jeleniagora\/#organization\"},\"potentialAction\":[{\"@type\":\"SearchAction\",\"target\":{\"@type\":\"EntryPoint\",\"urlTemplate\":\"https:\/\/www.jumpheaven.pl\/jeleniagora\/?s={search_term_string}\"},\"query-input\":{\"@type\":\"PropertyValueSpecification\",\"valueRequired\":true,\"valueName\":\"search_term_string\"}}],\"inLanguage\":\"pl-PL\"},{\"@type\":\"Organization\",\"@id\":\"https:\/\/www.jumpheaven.pl\/jeleniagora\/#organization\",\"name\":\"Park Trampolin Jump Heaven\",\"url\":\"https:\/\/www.jumpheaven.pl\/jeleniagora\/\",\"logo\":{\"@type\":\"ImageObject\",\"inLanguage\":\"pl-PL\",\"@id\":\"https:\/\/www.jumpheaven.pl\/jeleniagora\/#\/schema\/logo\/image\/\",\"url\":\"https:\/\/www.jumpheaven.pl\/jeleniagora\/wp-content\/uploads\/2020\/02\/JumpHeaven_Parki_trampolin_Jelenia_Gora-on_dark_background.png\",\"contentUrl\":\"https:\/\/www.jumpheaven.pl\/jeleniagora\/wp-content\/uploads\/2020\/02\/JumpHeaven_Parki_trampolin_Jelenia_Gora-on_dark_background.png\",\"width\":1400,\"height\":823,\"caption\":\"Park Trampolin Jump Heaven\"},\"image\":{\"@id\":\"https:\/\/www.jumpheaven.pl\/jeleniagora\/#\/schema\/logo\/image\/\"},\"sameAs\":[\"https:\/\/www.facebook.com\/Jump-Heaven-Legnica-205087276723396\/\",\"https:\/\/www.youtube.com\/channel\/UC3M6f8VZ7hmJUqQ7PGgrO3Q\"]}]}<\/script>\n<!-- \/ Yoast SEO plugin. -->","yoast_head_json":{"title":"KONTAKT - Jump Heaven - Park Trampolin Jelenia G\u00f3ra","robots":{"index":"index","follow":"follow","max-snippet":"max-snippet:-1","max-image-preview":"max-image-preview:large","max-video-preview":"max-video-preview:-1"},"canonical":"https:\/\/www.jumpheaven.pl\/jeleniagora\/kontakt\/","og_locale":"pl_PL","og_type":"article","og_title":"KONTAKT - Jump Heaven - Park Trampolin Jelenia G\u00f3ra","og_description":"Kontakt ADRES Aleja Jana Paw\u0142a II 17,58-500 Jelenia G\u00f3ra tel. +48 503 504 591 email: jeleniagora@jumpheaven.pl Godziny otwarcia: Codziennie od 9:30 do 21:00Dla grup zorganizowanych powy\u017cej 50 os\u00f3b jest mo\u017cliwo\u015b\u0107 dostosowania czasu otwarcia Parku indywidualnie.","og_url":"https:\/\/www.jumpheaven.pl\/jeleniagora\/kontakt\/","og_site_name":"Jump Heaven - Park Trampolin Jelenia G\u00f3ra","article_publisher":"https:\/\/www.facebook.com\/Jump-Heaven-Legnica-205087276723396\/","article_modified_time":"2025-10-05T16:15:18+00:00","og_image":[{"url":"https:\/\/www.jumpheaven.pl\/jeleniagora\/wp-content\/uploads\/2025\/10\/jumpheaven_jeleniagora_1-1.jpg","type":"","width":"","height":""}],"twitter_card":"summary_large_image","twitter_misc":{"Szacowany czas czytania":"3 minuty"},"schema":{"@context":"https:\/\/schema.org","@graph":[{"@type":"WebPage","@id":"https:\/\/www.jumpheaven.pl\/jeleniagora\/kontakt\/","url":"https:\/\/www.jumpheaven.pl\/jeleniagora\/kontakt\/","name":"KONTAKT - Jump Heaven - Park Trampolin Jelenia G\u00f3ra","isPartOf":{"@id":"https:\/\/www.jumpheaven.pl\/jeleniagora\/#website"},"primaryImageOfPage":{"@id":"https:\/\/www.jumpheaven.pl\/jeleniagora\/kontakt\/#primaryimage"},"image":{"@id":"https:\/\/www.jumpheaven.pl\/jeleniagora\/kontakt\/#primaryimage"},"thumbnailUrl":"https:\/\/www.jumpheaven.pl\/jeleniagora\/wp-content\/uploads\/2025\/10\/jumpheaven_jeleniagora_1-1.jpg","datePublished":"2019-12-04T14:38:49+00:00","dateModified":"2025-10-05T16:15:18+00:00","breadcrumb":{"@id":"https:\/\/www.jumpheaven.pl\/jeleniagora\/kontakt\/#breadcrumb"},"inLanguage":"pl-PL","potentialAction":[{"@type":"ReadAction","target":["https:\/\/www.jumpheaven.pl\/jeleniagora\/kontakt\/"]}]},{"@type":"ImageObject","inLanguage":"pl-PL","@id":"https:\/\/www.jumpheaven.pl\/jeleniagora\/kontakt\/#primaryimage","url":"https:\/\/www.jumpheaven.pl\/jeleniagora\/wp-content\/uploads\/2025\/10\/jumpheaven_jeleniagora_1-1.jpg","contentUrl":"https:\/\/www.jumpheaven.pl\/jeleniagora\/wp-content\/uploads\/2025\/10\/jumpheaven_jeleniagora_1-1.jpg","width":1200,"height":1600},{"@type":"BreadcrumbList","@id":"https:\/\/www.jumpheaven.pl\/jeleniagora\/kontakt\/#breadcrumb","itemListElement":[{"@type":"ListItem","position":1,"name":"Strona g\u0142\u00f3wna","item":"https:\/\/www.jumpheaven.pl\/jeleniagora\/"},{"@type":"ListItem","position":2,"name":"KONTAKT"}]},{"@type":"WebSite","@id":"https:\/\/www.jumpheaven.pl\/jeleniagora\/#website","url":"https:\/\/www.jumpheaven.pl\/jeleniagora\/","name":"Jump Heaven - Park Trampolin Legnica","description":"Zapraszamy do sieci Park\u00f3w Trampolin Jump Heaven w Legnicy, Jeleniej G\u00f3rze, W\u0142oc\u0142awku i Ozimku","publisher":{"@id":"https:\/\/www.jumpheaven.pl\/jeleniagora\/#organization"},"potentialAction":[{"@type":"SearchAction","target":{"@type":"EntryPoint","urlTemplate":"https:\/\/www.jumpheaven.pl\/jeleniagora\/?s={search_term_string}"},"query-input":{"@type":"PropertyValueSpecification","valueRequired":true,"valueName":"search_term_string"}}],"inLanguage":"pl-PL"},{"@type":"Organization","@id":"https:\/\/www.jumpheaven.pl\/jeleniagora\/#organization","name":"Park Trampolin Jump Heaven","url":"https:\/\/www.jumpheaven.pl\/jeleniagora\/","logo":{"@type":"ImageObject","inLanguage":"pl-PL","@id":"https:\/\/www.jumpheaven.pl\/jeleniagora\/#\/schema\/logo\/image\/","url":"https:\/\/www.jumpheaven.pl\/jeleniagora\/wp-content\/uploads\/2020\/02\/JumpHeaven_Parki_trampolin_Jelenia_Gora-on_dark_background.png","contentUrl":"https:\/\/www.jumpheaven.pl\/jeleniagora\/wp-content\/uploads\/2020\/02\/JumpHeaven_Parki_trampolin_Jelenia_Gora-on_dark_background.png","width":1400,"height":823,"caption":"Park Trampolin Jump Heaven"},"image":{"@id":"https:\/\/www.jumpheaven.pl\/jeleniagora\/#\/schema\/logo\/image\/"},"sameAs":["https:\/\/www.facebook.com\/Jump-Heaven-Legnica-205087276723396\/","https:\/\/www.youtube.com\/channel\/UC3M6f8VZ7hmJUqQ7PGgrO3Q"]}]}},"_links":{"self":[{"href":"https:\/\/www.jumpheaven.pl\/jeleniagora\/wp-json\/wp\/v2\/pages\/89","targetHints":{"allow":["GET"]}}],"collection":[{"href":"https:\/\/www.jumpheaven.pl\/jeleniagora\/wp-json\/wp\/v2\/pages"}],"about":[{"href":"https:\/\/www.jumpheaven.pl\/jeleniagora\/wp-json\/wp\/v2\/types\/page"}],"author":[{"embeddable":true,"href":"https:\/\/www.jumpheaven.pl\/jeleniagora\/wp-json\/wp\/v2\/users\/1"}],"replies":[{"embeddable":true,"href":"https:\/\/www.jumpheaven.pl\/jeleniagora\/wp-json\/wp\/v2\/comments?post=89"}],"version-history":[{"count":61,"href":"https:\/\/www.jumpheaven.pl\/jeleniagora\/wp-json\/wp\/v2\/pages\/89\/revisions"}],"predecessor-version":[{"id":2805,"href":"https:\/\/www.jumpheaven.pl\/jeleniagora\/wp-json\/wp\/v2\/pages\/89\/revisions\/2805"}],"wp:attachment":[{"href":"https:\/\/www.jumpheaven.pl\/jeleniagora\/wp-json\/wp\/v2\/media?parent=89"}],"curies":[{"name":"wp","href":"https:\/\/api.w.org\/{rel}","templated":true}]}}